e factors of 1/((j/1224)/(186/(-4)))?
2, 17, 31
Let h(s) = 64*s**3 - 14*s**2 - 2*s - 10. List the prime factors of h(5).
2, 5, 7, 109
Let n(k) = -k**3 - 55*k**2 + 157. Let q be n(-55). Let h be (-220)/3 + (-1)/(-3). Let p = q + h. What are the prime factors of p?
2, 3, 7
Suppose 15*q - 18*q + 235 = -5*d, -2*q - 4*d + 120 = 0. Let n = 54 + q. List the prime factors of n.
2, 31
Let w(o) = -6*o**2 + 237*o - 301. What are the prime factors of w(37)?
2, 127
Suppose 148*y - 616972 = 2356348. What are the prime factors of y?
2, 5, 7, 41
Let i(m) = -m + 61. Let p be i(-13). Suppose -4*k = -u - 1264, 2*u + 706 - p = 2*k. What are the prime factors of k?
2, 79
Suppose 0 = 2*q - 2*t, 0*t + 3*t = q + 4. Suppose c = -q*j + 92 + 12, 0 = -4*j - 5*c + 208. Suppose 53*i - j*i = 55. List the prime factors of i.
5, 11
Suppose 5*x - 653 = -3*r + 4*r, 4*r - 4*x = -2548. Let i = 953 + r. What are the prime factors of i?
2, 5
Let s be (120/(-180))/(1/((-15)/2)). Suppose s*a = 6*a + r - 3, 5*a - 3*r - 15 = 0. What are the prime factors of a?
3
Suppose 10 + 18 = 5*b + 2*y, 5 = -5*y. Suppose 2*p - b = -2. Suppose 0*w - w = p*m - 7, -5*w + 30 = 5*m. What are the prime factors of w?
5
Suppose -178*c = -6181627 - 356491. What are the prime factors of c?
23, 1597
Let z be 440/(72/9)*-1*1. Let b = 92 - z. List the prime factors of b.
3, 7
Suppose -17*d = -3*d + 154. Let f = d - -11. Suppose -s + 3*a + 217 = -2*a, 5*s - 4*a - 1148 = f. What are the prime factors of s?
2, 29
Let c = -361 + 367. Let v = -1 - -1. Suppose c*b - 416 - 952 = v. List the prime factors of b.
2, 3, 19
Let f = 1704 + -799. Let t = f - 398. List the prime factors of t.
3, 13
Let u = 1796 + 9158. What are the prime factors of u?
2, 5477
Suppose 3*i - f - 146535 = 0, -3*i - 60004 = f - 206539. List the prime factors of i.
5, 9769
Let q(i) = 20 + 521*i**3 + 24*i - 262*i**3 - 260*i**3. List the prime factors of q(-6).
2, 23
Let l(o) = 1504*o + 4117. List the prime factors of l(12).
5, 11, 13, 31
Let d be 2/5 + 276/10. Suppose -2*v = -30*v - 476. Let l = v + d. What are the prime factors of l?
11
Let v = 168 + -139. Suppose -31*j = -v*j - 1190. What are the prime factors of j?
5, 7, 17
Let y(t) = -211*t - 64. Let z be y(-2). Let u = 366 - z. List the prime factors of u.
2
Suppose -5*z - 7956 = -2*u + 10686, 0 = -5*u + z + 46674. List the prime factors of u.
2, 3, 389
Suppose 0 = -81*l + 79*l + 28. Suppose -13*b = -l*b + 3. Suppose w + 359 = b*h + 6*w, 4*h + 2*w - 460 = 0. List the prime factors of h.
113
Let v(p) = 3*p**3 + 0*p - 4*p**3 - 3*p - 8*p**2 + 25*p. List the prime factors of v(-12).
2, 3, 13
Suppose h = 65 - 242. Let a(d) = -86*d - 15. Let c be a(1). Let j = c - h. List the prime factors of j.
2, 19
Let n = 166653 + -109206. List the prime factors of n.
3, 13, 491
Let o = -18046 + 35082. What are the prime factors of o?
2, 4259
Suppose 369 = -31*x + 34*x. Suppose -x - 1257 = -4*h. What are the prime factors of h?
3, 5, 23
Let x = 14736 + -6639. List the prime factors of x.
3, 2699
Suppose 28*k + 10 = 33*k. Suppose q - k*i - 76 = -0*q, -2*q = -3*i - 147. Suppose -q = -2*f - f. List the prime factors of f.
2, 11
Let z = 480 - 481. List the prime factors of 30 - ((-5)/2 - z/2).
2
Suppose 704 = 3*u - 2*u - 2*m, u = 3*m + 701. Suppose s - u = 3*d + 641, s - 1346 = 4*d. List the prime factors of s.
2, 683
What are the prime factors of (-180)/24*250/(-3)?
5
Let l(h) = 4*h**2 - 203*h + 9243. List the prime factors of l(93).
2, 3, 5, 13
Suppose f - 2*n = -170 - 126, 1460 = -5*f + 5*n. Let c = -37 - f. List the prime factors of c.
251
Suppose 628*o + 4*z = 631*o - 12218, 5*o = -z + 20394. List the prime factors of o.
2, 2039
Let z = -56 - -56. Let u(y) = 2*y**3 - y**2 - y + 1. Let b be u(z). Let w(d) = 116*d - 1. What are the prime factors of w(b)?
5, 23
Let z(q) = 125*q - 2. Suppose 0 = -17*m - 138 - 100. Let w(x) = x. Let i(c) = m*w(c) + 2*z(c). List the prime factors of i(1).
2, 29
Suppose 60*z + 3224 - 22475 = 11169. List the prime factors of z.
3, 13
Suppose 0 = -2932*r + 2939*r - 207053. What are the prime factors of r?
11, 2689
Let c be (3717/(-6))/(3*(-3)/18). Let j = 16 - 13. Suppose c = j*t + 4*t. What are the prime factors of t?
3, 59
Suppose 9292 = -254*r + 255*r + 5*f, -f = 2*r - 18638. What are the prime factors of r?
2, 59, 79
Let g be (224/(-2))/(0/4 - -1). List the prime factors of g/(-3*2/42).
2, 7
Let z(n) = 21*n**3 - 2*n**2 + n + 2. Let t be z(-1). Let p = t - -20. List the prime factors of (2/3)/(p*(-1)/255).
5, 17
Let a = 390 + -254. Let z = a + -112. Suppose -2*f + 428 = 2*m - z, -4*f + 241 = m. What are the prime factors of m?
13, 17
Let n(o) = o**3 + 18*o**2 + 22*o + 35. Suppose -3*h = -t, -3*t - 3*h - 55 = -h. List the prime factors of n(t).
2, 5, 19
Let k(s) = -2*s + 13. Let o be k(8). Let g(r) = -24*r + 3. Let c(y) = -48*y + 7. Let u(f) = -2*c(f) + 5*g(f). What are the prime factors of u(o)?
73
Suppose -4 = 23*d - 27*d. What are the prime factors of (55/10)/(d/38)?
11, 19
Let x(o) = 477*o**2 + 21*o - 21. Let m be x(1). List the prime factors of (m/6)/(6*3/132).
11, 53
Suppose y + 18 = 191. Suppose 2*a = y + 605. What are the prime factors of a?
389
Let y(h) = -h - 13. Let q be y(-7). What are the prime factors of (-67)/2*(q + 4)?
67
Suppose -3*q + 44054 = 2*x, -q + 64157 = 5*x - 45939. List the prime factors of x.
2, 101, 109
What are the prime factors of (-216 - -223) + 7906*5 - 9?
2, 3, 61
Let u(m) be the first derivative of 155*m**3/3 - 2*m**2 + 6*m - 64. List the prime factors of u(2).
2, 3, 103
What are the prime factors of ((7/(-21))/(16/18960))/((-1)/14)?
2, 5, 7, 79
Let a = 5178 + 216. List the prime factors of a.
2, 3, 29, 31
Let x(v) = 14*v + 48. Let b be (-188)/(-14) + 57/(-133). Let h = 20 - b. What are the prime factors of x(h)?
2, 73
Let n = -1837 + 1019. Let w = 1268 + n. What are the prime factors of w?
2, 3, 5
Suppose 62*g - 892020 = 197010. What are the prime factors of g?
3, 5, 1171
Let w = 23 + -43. Let b = 1611 - 1653. Let o = w - b. What are the prime factors of o?
2, 11
Let b be ((-7)/2 + 2)/((-16)/992). Let a = 198 - b. What are the prime factors of a?
3, 5, 7
Suppose a + 2*a - 4*c = 18, 2*a - 1 = -c. Let s be (8/(-3))/(-1) - a/(-6). Suppose -t + 228 = -s*p, t - p = -0*t + 224. List the prime factors of t.
2, 3, 37
Suppose -3*r = -7*r + 12. Suppose 4*m + c = -r - 1, -2 = 2*m - 4*c. What are the prime factors of 3 + (-2 - (-34 + m))?
2, 3
Let s(j) be the first derivative of -3*j**2 - 13*j - 31. Let o be s(-8). Let g = 116 - o. What are the prime factors of g?
3
Suppose 5*b - 115 = -2*x + 585, 0 = x + 2*b - 347. List the prime factors of x.
5, 67
Let g = -16805 - -80813. List the prime factors of g.
2, 3, 7, 127
Suppose -3 = -3*y - 15. Let o be (0 + -1 + -1)*(0 + y). Suppose -o + 34 = 2*k. List the prime factors of k.
13
Let r be 2 - 3 - (11 + -3)/(-2). Suppose -2*h - 5*h = -r*h. Suppose -d - v + 191 = h, -v - 179 = -d - 6*v. What are the prime factors of d?
2, 97
Let c = 416 + -432. List the prime factors of 46/184 - 11870/c*2.
2, 7, 53
Suppose 0*i - 2*m = 3*i - 16, 3*i + 5*m = 4. List the prime factors of (48/(-5))/(i/(-260)).
2, 3, 13
Let i(m) = -3 + 46*m**3 + 46*m**3 - 10 + 3*m**2 - 98*m**3 - m. What are the prime factors of i(-4)?
3, 47
Let j be ((-37)/(-1))/1*-1. Suppose 0 = -2*r - r + c - 129, c + 223 = -5*r. Let z = j - r. List the prime factors of z.
7
Suppose 0 = 2*g - i - 3 - 1, -3*i = 5*g - 32. Suppose 4*w - 3*l = 0, 0*w - 13 = w - g*l. Suppose 21 = -0*k + w*k. List the prime factors of k.
7
What are the prime factors of (-386840)/(-14) + (-2 - 77/(-49))?
27631
Let v = 584 - 598. Let m be (26*-1)/(4/(-6)). Let a = v + m. What are the prime factors of a?
5
Let t(m) = m**3 - 3*m**2 - 7*m + 16. Let k be t(4). Suppose 0 = k*s + 33 - 81. Suppose -17*f = -s*f - 45. List the prime factors of f.
3
Let t(c) = -3*c**3 - 66*c**2 - 10*c - 341. What are the prime factors of t(-36)?
17, 3203
List the prime factors of (-1558152)/(-114) - (-7 - -1).
2, 3, 43, 53
Let g = -268 + 244. Let w = g - -612. What are the prime factors of w?
2, 3, 7
Let b be 22/5 - (-12)/20. Suppose -n + 358 = -h, -7*n + 704 = -b*n + 2*h. List the prime factors of n.
5, 71
Suppose -50*r + 11035 = -101965. Suppose 2*d + 2400 = 2*a, 2*a + 5*d - r = 168. What are the prime factors of a?